et i(t) be the first derivative of 4*t + 1/3*t**3 + 5*t**2 - 4. Determine i(-6).
-20
Let d(g) = 4*g - 66. Let w = 13613 - 13613. Give d(w).
-66
Let i(r) = -r**3 + 7*r**2 - 10*r + 6. Let o be (-24)/2 - (535 - 552). Determine i(o).
6
Let m(x) be the second derivative of x**5/20 + 5*x**4/12 - x**3/2 + 4*x**2 + x. Let i be ((-12)/(-14))/(12/252). Let v be (8 + -13)*i/15. Calculate m(v).
-10
Suppose -10*f - 129 - 41 = 7*f. Let d(a) = 3*a - 11. Determine d(f).
-41
Let x(m) be the first derivative of 9*m**2/2 - 34*m + 7837. Give x(-7).
-97
Let j(m) = 19*m - 45. Let q(t) = 10*t - 27. Let b(s) = 6*j(s) - 11*q(s). What is b(-7)?
-1
Let d(v) = v**3 - 9*v**2 + 5*v - 74. Let k(n) = -3*n**3 + 27*n**2 - 15*n + 209. Let u(w) = 11*d(w) + 4*k(w). Determine u(6).
100
Let a be 1*11*(-4 + 5). Suppose 0 = f - 2*d + 3*d + 1, d = -3*f - a. Let o(j) = 4 + 4*j**2 - 3*j + 15*j**2 - 20*j**2. Give o(f).
-6
Let z be ((-4)/(-16))/(1/4) + 2. Let k(n) = z + 6 + 7092*n - 7088*n. Determine k(-5).
-11
Let k(b) = 3*b + 67. Let m = -6689 - -6667. Calculate k(m).
1
Let b(y) = 3*y**2 + 41*y - 64. Let j(i) = 4*i**2 + 62*i - 97. Let k(n) = -7*b(n) + 5*j(n). Determine k(22).
-15
Let f(d) = 2*d + 8. Let q(w) = -w + 1. Let v(c) = f(c) - 2*q(c). Suppose 67*r = 66*r + 7. Determine v(r).
34
Let m(f) = -9*f**3 + 32*f**2 + 14*f - 9. Let l(u) = -2*u**3 + u**2 - 2*u + 1. Let h(r) = 5*l(r) - m(r). What is h(-26)?
-38
Let v = 29064 - 174383/6. Let a(c) be the second derivative of 0 - 36*c - v*c**3 - c**2. What is a(4)?
-6
Suppose 0 = 70*c - 64*c - 1668. Let l(n) = c + 287 - 535 - n. Give l(0).
30
Let g(h) = h**3 - 8*h**2 + 11*h - 6. Let p(f) = -f**2 + 1. Let w(r) = g(r) + p(r). Let t = -123621 - -123628. Calculate w(t).
-26
Let z(g) = 5*g + 36. Let p be (-37 - (-4235)/140)/(3/(-8)). Calculate z(p).
126
Let p(y) = -5*y - 16. Let v(c) = -10*c - 29. Let j(z) = 9*p(z) - 4*v(z). Calculate j(-8).
12
Let f = 695 + -693. Let x(u) be the first derivative of u + 5/3*u**3 - 2*u**f - 1/4*u**4 + 12. Calculate x(3).
7
Let q(l) = -l**2 - 2*l + 3. Suppose 0 = -9*x + 282 - 1362. Let z = x + 122. Determine q(z).
-5
Let o(v) be the second derivative of 6*v**3 - 125*v**2 - 5*v - 217. What is o(7)?
2
Let v(p) = -p**3 + 4*p**2 + 12*p + 2. Let w be v(6). Let j(b) = -2 + 0 - 3*b + 6*b - 4. What is j(w)?
0
Suppose 5*n - 3*k = 36, -3*n - 5*k + 5 + 3 = 0. Let u(o) = 0 - o**2 + 1 + 7*o - 7 + 5. What is u(n)?
5
Let p be 0/(-3)*(0 - 3)/3. Suppose 3*i - 6 = p, -t - 4*i + 4 + 6 = 0. Let n(u) = t*u**3 - u**3 - 1 - 3*u + u - 3*u**2. Determine n(4).
7
Let r(p) = p**3 + 11*p**2 + 6*p + 10. Suppose -5*h + 23 = -3*j - 12, -2*j - 18 = 2*h. Give r(j).
50
Let i(b) = b**2 + 25*b + 46. Let d be i(-24). Let x(w) = -85*w + d - 6 + 43*w + 41*w. Give x(11).
5
Let y(g) = -30*g - 53. Let c(u) = -16*u - 32. Let d(h) = 5*c(h) - 3*y(h). Give d(-1).
-11
Let b(r) be the first derivative of -r**4/4 - 2*r**3 + 8*r**2 - 2*r - 2046. What is b(-8)?
-2
Let l = -3 - -1. Let w(s) = 17*s**2 - 9*s - 25. Let a(b) = -112*b**2 + 11 + 104*b**2 + 2*b + 2*b. Let m(k) = 7*a(k) + 3*w(k). What is m(l)?
-20
Let s(w) be the third derivative of -w**5/60 + w**4/2 - 5*w**3 - 4361*w**2 - 1. Calculate s(3).
-3
Let n(c) = c + 13. Let m be 3*(-375)/45 + 11. Give n(m).
-1
Let c(n) = -3*n + 7*n - 345*n**3 + 5*n**2 + 352*n**3. Give c(-1).
-6
Let s(m) = 9*m + 16*m - 16*m - 29. Let q(z) = -5*z + 16. Let v(t) = 11*q(t) + 6*s(t). Determine v(5).
-3
Let i(s) = s - 6. Let x be i(6). Suppose -12*d + 11*d - 3 = x. Let n be -1 + d + 3 + 5. Let w(g) = 2*g**2 - 3*g - 4. What is w(n)?
16
Let u(s) = 2*s - 3*s**2 - s**2 - 6 + 5*s**2. Suppose -16*m - 30 = -4*o - 6*m, -o - 30 = 5*m. Determine u(o).
9
Suppose -z - 3*b - 18 = -48, 2*b = 2*z - 68. Suppose 22 = 34*r - z*r. Let u(w) = 30*w + r*w - 6 - 4 - 54*w. Give u(-7).
4
Let d be (51/(-9) + 5)/(26/117). Let c(t) = -t + 5. Determine c(d).
8
Let w be (-7 - 1)*12/24. Let r(k) be the second derivative of k**5/20 + 5*k**4/12 - 9*k**2/2 - 2*k + 2. What is r(w)?
7
Let k(u) = 3*u - 24. Suppose -3*h - 41 = -2*y, 177 = 3*y + 5*h + 125. What is k(y)?
33
Let b(o) = o**2 - 3. Let z be 122/14 + (-8)/(-28). Suppose z*l + 8 = 5*l. Let f be 3/1 + 0/l. What is b(f)?
6
Suppose 2*l - 2*j + 118 = 0, -99*j - 116 = 2*l - 102*j. Let w(k) = 5*k + 306. Give w(l).
1
Let u(d) = -2*d - 38. Let j be ((-34)/6)/((-257)/(-771)). What is u(j)?
-4
Let c(r) = -17*r - 325. Let s(u) = 17*u + 369. Let z(x) = -5*c(x) - 4*s(x). Determine z(-7).
30
Let y(c) be the first derivative of -2*c**2 + 3*c + 2. Let f(t) = -t**2 + t + 148. Let g be f(0). Let m = 144 - g. Calculate y(m).
19
Suppose 3*b - 72 = -5*g, -2*g = 3*g - 4*b - 44. Let n(i) = 12*i - 28*i**2 - 9*i**2 - 1 - 3*i**2 - 6 + 39*i**2. Calculate n(g).
-7
Let w = 2 + 2. Suppose 0 = -2*k - 26 + 34. Let b(l) = -42*l + 20*l - l**3 + 4*l**2 + k + 23*l - 4 + 1. Determine b(w).
5
Let v(n) = 2*n**2 - n - 9. Suppose 3*c + 9 = -3*r, -c - 3*r + 15 = 14. What is v(c)?
46
Suppose -138*u = -124*u - 6440. Let v be (-16)/28 + u/70. Let q(o) be the third derivative of -o**5/60 + o**4/3 - o**3/2 - 2*o**2. Give q(v).
9
Let r = -8 + 18. Let i(m) = m**2 + 141*m + 24. Let s(c) = 75*c + 14. Let n(x) = i(x) - 2*s(x). Determine n(r).
6
Let l(r) = r**3 - 4*r**2 - 8*r - 6. Let w be (1 + -8)/((420/(-180))/((-21)/(-9))). What is l(w)?
85
Let l(x) = -16*x + 76. Let s be l(4). Suppose -2*r + p = -s + 13, 0 = -2*r + 5*p + 11. Let a(m) = -2*m**3 + m**2 + 3*m + 2. What is a(r)?
16
Let u(y) = 25*y - 98. Let t(p) = -336*p + 1272. Let k(x) = 2*t(x) + 27*u(x). Give k(32).
-6
Let w(g) = -11*g - 153. Suppose -1113 - 8100 = 482*q - 1983. What is w(q)?
12
Let o(h) = 2*h**3 + 6*h**2 + 7*h. Let b be o(-3). Let u(p) = -p**2 - 20*p + 44. Determine u(b).
23
Let i = 52 + -51. Let a(q) = i + 4*q + q**2 + 4*q - 9*q. Calculate a(3).
7
Let x(o) = -38*o - 5. Let m(s) = 16*s + 3. Let w(p) = -9*m(p) - 4*x(p). What is w(3)?
17
Let u be (3/(-7))/(8/(-2408)). Let y(v) = -u*v + 62*v + 65*v. Calculate y(-4).
8
Let d(q) = 3*q**2 + 2*q - 3. Let c be 5/(-10)*(3 - 1)*-7. Suppose -3*o = -2*p + 4 - 15, 4*p = o - c. Determine d(o).
30
Let f(s) = -2*s - 12. Let m be (90/11 - -1) + 1340/(-110) + 12. What is f(m)?
-30
Let k(i) = 19*i - 13. Let z(f) be the third derivative of 0 + 0*f - 12*f**2 - 5/12*f**4 + 7/6*f**3. Let w(m) = 6*k(m) + 11*z(m). Determine w(1).
3
Let m be (2 - -1)/(9/42). Let o be (m/4)/((-17)/34). Let d(r) = -r**3 - 2 + 13*r - 7*r**2 + 17*r - 7 - 33*r. Determine d(o).
12
Let k(h) = 9 + 3 + 7 + 37*h + 13 + 21. Determine k(-2).
-21
Let f be 80/(-45) - 5/405*18. Let i(o) be the third derivative of -o**4/6 - o**3/3 - o**2. Determine i(f).
6
Let o(t) be the third derivative of -t**5/20 + 37*t**4/24 + 21*t**3/2 - 170*t**2. What is o(14)?
-7
Let j(a) = a**2 + 11*a + 12. Suppose -15*y + 14*y = -561. Let i = -569 + y. Give j(i).
-12
Let k(j) be the first derivative of -j**3/3 - 9*j**2/2 - 3*j + 3. Let n be k(-8). Let m(h) = -5 - 64*h + 29*h + 30*h + 6*h. Give m(n).
0
Let u(p) = 41 + 11*p - p**3 - 23 - 31*p + 10*p + 6*p**2. Determine u(6).
-42
Let i(v) be the first derivative of 34 + v**2 - 9*v + 1/3*v**3. Determine i(-5).
6
Let r(g) = -15*g**3 - 1 + g + 16*g**3 - g. Let s be r(1). Let d(k) = -9*k**3 - 8 + k**2 + k**3 + 9*k**3. What is d(s)?
-8
Let p(a) = -5*a - 36*a**2 + 6*a - 170 - a**3 - 11*a + 5*a + 3*a**2. Determine p(-33).
-5
Let b(w) = -w**2 + 6*w. Let u be b(5). Let z(h) = 3 + 6*h**2 + 6 - 22 + 18*h**2 - 6 - 23*h**2. Calculate z(u).
6
Let a(u) be the first derivative of 2*u**2 + 4*u - 60. Suppose 0 = -5*x + s + 4, 4*x + 12 = -5*s - 8. Determine a(x).
4
Suppose -14*s + 31 = -9*s - 3*d, 0 = -5*s + 5*d + 25. Let p = -4 + s. Let x(c) be the third derivative of -c**4/24 + c**3/6 - c**2. Give x(p).
-3
Suppose -5*o - 63 = 4*l, -2*l + 1217 = 3*o + 1254. Let k(b) = -6*b - 22. Give k(o).
44
Let y be (-30)/4*(-278)/4170. Let j(n) be the second derivative of 0*n**4 + y*n**5 + 0*n**2 + 0*n**3 + 0 + 5*n. What is j(1)?
10
Suppose 25*j = -68*j + 93. Let f(n) = -7*n**3 - n**2 + 2. Give f(j).
-6
Let n(k) = k**2 + 7*k - 4. Let g(o) = -5*o**2 - 29*o + 12. Let j(r) = -2*g(r) - 9*n(r). Give j(3).
6
Let j(o) = o**3 - 27*o**2 - 25*o + 76. Let d be j(28). Suppose -163*a = -d*a + 18. Let m(y) = -y**3 - 7*y**2 - 3*y + 7. Determine m(a).
-11
Let w(y) be the third derivative of y**6/120 + 7*y**5/60 + y**4/6 - 4*